et d(j) = -4*j - 6. Let w(z) = -5*z - 7. Let b(t) = -6*d(t) + 5*w(t). Determine b(n).
-6
Let s(x) = 5*x + 7*x - 3 - 10*x. What is s(-3)?
-9
Let m(d) = -d**3 - d**2 + 5*d + 2. Let j be -7*((-13)/7 + -1). Suppose -j = 5*a - 5. What is m(a)?
5
Let h(v) = -v**3 + 4*v**2 - v - 3. Let f(l) = -12 + 2*l - 8*l**2 - 2*l**3 + 4*l**3 - l**3. Suppose 2*z - 8 = z. Let s be f(z). Determine h(s).
-7
Let j(v) be the second derivative of 7*v**4/6 - v**2/2 - 5*v. Give j(1).
13
Let n be (7/(-14))/((-2)/12). Let i(u) = 2*u**2 - 3*u - 4. Determine i(n).
5
Let p = 24 - 24. Let y(a) = -a - 3. What is y(p)?
-3
Let c(y) = 5*y**2 + y + 2. Let j(v) = 6*v**2 + 2. Let l(f) = 5*c(f) - 4*j(f). Calculate l(-5).
2
Let d(a) = 3*a**3 + 6*a**2 - 2*a + 5. Let o(r) = 2*r**3 + 6*r**2 - 3*r + 5. Let t(i) = -3*d(i) + 4*o(i). What is t(5)?
0
Let i = 15 - 19. Let j(g) = -2*g - 1. Determine j(i).
7
Let c be ((-7)/14)/(2/68). Let r(x) = 6*x - 3. Let d(v) = -2*v + 1. Let o(q) = c*d(q) - 6*r(q). Determine o(-1).
3
Let p(w) = -2*w - 4. Suppose 5 = 5*j - 5. Let h(m) be the first derivative of -m**3/3 - m**2 + 3*m - 1. Let g be h(j). Give p(g).
6
Let h(d) = -d**3 + 3*d**2 + d + 4. Suppose -a + 0*a = 0. Suppose a*f = -2*f + 6. Calculate h(f).
7
Let y = 8 + -5. Let n(x) = -5 + x + x + 2 - y. Determine n(4).
2
Let m(s) = -s**3 - s - 2. Suppose -4*g + g + 10 = -4*a, -4*g = a - 7. Calculate m(g).
-12
Let i(v) = -16*v**3 + 14*v**2 - v + 21. Suppose 0 = 20*h - 15*h + 55. Let y(a) = -3*a**3 + 3*a**2 + 4. Let z(m) = h*y(m) + 2*i(m). What is z(5)?
-12
Let w = -3 + 19. Let u be ((-8)/w)/((-1)/(-4)). Let y(q) = 2*q**3 + q**2 - 3*q - 3. What is y(u)?
-9
Let s be (-2)/3*(-5 + 2). Let b(p) = -4 + 2*p + s*p - 6*p. What is b(4)?
-12
Let x(a) = 1 - a + 0 - 3. Suppose -k = -4*w + 11, -3*w + 14 = -2*w - 4*k. Suppose -4*c + 2*s - 6*s - 8 = 0, s - w = c. What is x(c)?
0
Suppose -3*m - 5 = -23. Let h(y) = -y**3 + 6*y**2 + 4. Determine h(m).
4
Let t(m) = -3*m + 1. Let f(c) = 7*c - 1. Let w(b) = -2*f(b) - 5*t(b). Let k = 5 + -8. Give w(k).
-6
Let k(r) be the first derivative of -r**5/20 - r**4/4 + 2*r**3/3 + 2*r - 1. Let j(f) be the first derivative of k(f). Let g = -6 + 2. Give j(g).
0
Let h(u) be the second derivative of 0 - 1/6*u**3 - 3/2*u**2 - 7*u. What is h(7)?
-10
Let g(b) = -4 + b - 2 + 3 + b. Determine g(6).
9
Let x = 7 - 7. Let c be 9/(-6)*(-4 + x). Let l(s) = -2*s**2 - 3*s - 9. Let w(p) = 3*p**2 + 2*p + 10. Let r(a) = 4*l(a) + 3*w(a). Calculate r(c).
-6
Suppose -23 - 5 = 7*f. Let s(w) = -5*w - 2. Determine s(f).
18
Let o(d) = 2*d + 3*d + 3*d**2 - 1 - 4*d**2. Let g be o(5). Let h(m) = -6*m - 4. Let c(n) = 7*n + 5. Let a(s) = -5*c(s) - 6*h(s). What is a(g)?
-2
Let j(m) = -3*m**3 - 4*m**2 + 3*m - 4. Let z(r) = 0*r + 0*r**2 + 21*r**3 - 3*r + 5 + 4*r**2 - 17*r**3. Let d(b) = 5*j(b) + 4*z(b). What is d(3)?
0
Let x(t) = -4 - 5*t + 1 - 2 + 1. Calculate x(-4).
16
Let n(y) be the second derivative of 1/20*y**5 + y - 5/2*y**2 + 0 - 5/12*y**4 + 1/2*y**3. Calculate n(4).
-9
Let p(q) = -36*q + 14. Let c(z) = -12*z + 5. Let x(b) = 17*c(b) - 6*p(b). Calculate x(2).
25
Let u = 16 - 16. Let i(k) = -k - 3 + u*k - 65*k**2 + 69*k**2 + 4. Calculate i(1).
4
Let m(t) be the third derivative of t**5/15 - t**4/24 + t**3/6 + 7*t**2. Calculate m(1).
4
Let r(z) = -7*z - 3. Let x(o) = 3*o + 2. Let d(s) = -4*r(s) - 7*x(s). Give d(-2).
-16
Suppose -4 + 6 = t. Let u(w) = w. Let a(d) = 8*d + 1. Let b(z) = -a(z) + 3*u(z). Determine b(t).
-11
Let o(l) be the second derivative of -l**5/120 - l**4/24 - l**3/3 - 4*l. Let k(j) be the second derivative of o(j). Calculate k(-3).
2
Let m = -62 + 52. Let r(l) = -l - 11. What is r(m)?
-1
Suppose 1 - 6 = 5*z. Let b(t) be the third derivative of 0*t**3 + 0*t - 3*t**2 + 1/15*t**6 - 1/24*t**4 + 0*t**5 + 0. What is b(z)?
-7
Let n(p) be the second derivative of p**4/4 - p**3/6 - p**2 - 9*p. What is n(2)?
8
Let x(h) = h**2 + h + 1. Suppose 4 = -9*l + 7*l. Calculate x(l).
3
Let m(o) = o - 2 + 6 - 2. Suppose -4*u = 4*g + 20, 0*g = 5*g + 25. What is m(u)?
2
Let b(j) = 3*j + 8. Let x(f) = -f - 2. Let i(t) = 2*b(t) + 7*x(t). Suppose 2*c - 1 = -11. Let n = c + 3. Calculate i(n).
4
Let a(y) = -y + 9. Let w be a(4). Suppose 5*c - 4*c + 3*j + 21 = 0, 0 = w*j + 25. Let z = -9 - c. Let h(v) = -v**3 - 5*v**2 - 2*v + 4. Give h(z).
-8
Let p(b) = -b**3 + 7*b**2 - 7*b + 7. Suppose 0 = a + 5*q - 11, -3*a + 7*a - 2*q - 22 = 0. What is p(a)?
1
Let s = -14 + 17. Suppose 9 = 5*a - 5*c - 21, -3*a - s*c - 12 = 0. Let y(x) = 2*x**2 + x - 1. Give y(a).
2
Suppose 0*t - 5*t = 4*s - 6, 0 = -4*s + 2*t - 8. Let m(j) = 10*j**2 + 13*j**2 + j - 20*j**2. Determine m(s).
2
Let u(f) = 4*f**3 - 4*f**2 + 2*f - 2. Let g(k) = k**3. Let z(a) = -3*g(a) + u(a). Let m = 1 + 2. Determine z(m).
-5
Let p(v) be the first derivative of -8/3*v**3 + v + 1 + 0*v**2. Calculate p(1).
-7
Let r = 231 - 226. Let y(u) be the first derivative of u**4/4 - 2*u**3 + 3*u**2 - 7*u - 1. What is y(r)?
-2
Suppose -f - n = -1 - 1, 0 = 5*n - 20. Let b(i) = -3 - 6 + 14 - 7 + 2*i**2 - 3*i. Give b(f).
12
Let k(r) = -r**3 - 8*r**2 - 7*r - 3. Suppose -8*p + 9*p = -7. Calculate k(p).
-3
Let d = 7 + -4. Let p = d + -2. Let y(k) = 3*k + k - p - k. Give y(1).
2
Let p(n) = n + 1. Suppose -4*x - 10 = -2. Let j = 0 - x. Suppose 0 = j*w + w + 2*r - 16, w = -2*r + 8. Calculate p(w).
5
Suppose -4*d + 19 - 23 = 0. Let r(i) = 10*i**3 - i. Determine r(d).
-9
Suppose -15 + 5 = -2*k. Let g be (2 + -4)*k/(-2). Let u(z) = -z**2 + 5*z + 6. What is u(g)?
6
Let b(g) = g**3 + g**2 - 3*g + 2. Suppose 0 + 12 = 6*l. Calculate b(l).
8
Suppose -3*f - 14 = -2*k, 5*k - 3*k - 4 = -2*f. Let a(u) = -4*u**2 + 2*u - 7. Let b(p) = -5*p**2 + p - 8. Let g(v) = k*a(v) - 3*b(v). Give g(3).
2
Let x = -9 - 6. Let u = x - -23. Let v = 5 - u. Let w(p) = -p + 1. Determine w(v).
4
Let o(b) be the second derivative of -b**4/3 - b**3/3 + 22*b. Determine o(2).
-20
Let x(n) be the third derivative of n**6/120 - n**5/10 + n**4/12 + n**3 + 3*n**2. Suppose 0 = 3*j + 1 - 16. What is x(j)?
-9
Let j = -8 - -2. Let l = -6 - j. Let q(d) = -d - 12. Give q(l).
-12
Let r(d) be the first derivative of -d**3 + d**2/2 + 2*d + 1. Let l(h) = 5*h**2 - 2 - 4*h**2 + 3*h + 0. Let g be l(-4). What is r(g)?
-8
Let q(n) = -2*n**2 + 81*n - 3 + 0*n**3 - n**3 - n**2 - 85*n. What is q(-2)?
1
Let u(f) be the second derivative of -f**3/6 + 5*f**2/2 + 5*f. Let n(c) = 3*c - 9. Let s(o) = -3*n(o) - 5*u(o). Calculate s(2).
-6
Let m = 7 - 4. Let j(k) = 5*k**2 + 3*k + 5. Let t(c) = c**2 - 16*c + 18. Let x be t(15). Let a(p) = 4*p**2 + 2*p + 4. Let h(o) = x*j(o) - 4*a(o). What is h(m)?
-7
Let f(k) = -4. Let o(t) = t - 21. Let z(y) = -11*f(y) + 2*o(y). Give z(-3).
-4
Let x(z) = -z + 2 + 4 - 2*z**2 - 5 + 9*z**2. Let q(k) = 2*k**3 - k**2 + 0 + 0 - 1 + k. Let w be q(1). Calculate x(w).
7
Let h(b) = -4*b - 14. Let p(m) = -3*m - 15. Let u(q) = -2*h(q) + 3*p(q). What is u(-7)?
-10
Let l(j) = -2*j**3 + j. Let g = 1 - 6. Suppose 5*x - 25 = -5*a, 5*x - a = a + 32. Let p = g + x. Give l(p).
-1
Suppose -p + 2 = -3, 4*f + 9 = 5*p. Let d(o) be the first derivative of o**3/3 - 3*o**2 + 4*o - 1. Determine d(f).
-4
Let r = 0 + -3. Let y(o) = -o**2 - 4*o. Calculate y(r).
3
Let g(z) = 7*z**2 - 21*z**2 + 15*z**2 - 3. Calculate g(3).
6
Let w be (12/14)/(8/(-56)). Let p be w/24 + (-9)/(-4). Let a(f) = -2*f - 3*f + 2*f - p*f. Calculate a(1).
-5
Let t(k) be the third derivative of k**6/180 - k**5/40 - k**4/6 - k**3 + 8*k**2. Let r(n) be the first derivative of t(n). What is r(3)?
5
Let u(z) = -2*z - 1. Let f(y) = -3*y - 3. Let c(v) = -5*f(v) + 9*u(v). What is c(4)?
-6
Let j(h) = -h - 2. Let g(t) = 5*t + 8. Let d(r) = -2*g(r) - 9*j(r). Suppose c = -3*c + 8. What is d(c)?
0
Let v(k) = 2*k**3 - 5*k - 2 - 3*k**3 - 8*k**2 + 2*k**2 - 1. Let b(n) = -n - 1. Let l(i) = 2*b(i) + v(i). Calculate l(-5).
5
Let a(h) = -h**2 - h - 1. Let d(o) = 8*o**2 + 5*o + 1. Let q(i) = 3*a(i) + d(i). Give q(2).
22
Let t = -12 + 14. Let z(o) = 3 - t + o + 5. Give z(-5).
1
Let i(v) = 3*v**2 + 7*v + 7. Let h(w) = -3*w**2 - 12*w - 11. Let q(f) = -11*f**2 - 49*f - 44. Let g(n) = 9*h(n) - 2*q(n). Let x(y) = 5*g(y) + 8*i(y). Give x(4).
9
Let r(f) = -9*f - 3. Let x(q) = 10*q + 3. Let g(z) = 6*r(z) + 5*x(z). What is g(-5)?
17
Suppose 0*m + t - 30 = -4*m, -3*m + 4*t + 13 = 0. Suppose m = -4*p - 9. Let c = 1 + p. Let f(